 -10 = -4*z + 2. Let t be 0/(-2 + 4 - z). Let i(k) be the first derivative of -k**4/4 + k**3/3 + k**2/2 - k + 1. Determine i(t).
-1
Let k(w) = -6*w + w + 4*w. Suppose 17*j - 34*j = -85. What is k(j)?
-5
Let p(h) = -4*h + 1. Let z(c) = -c**3 - 9*c**2 - 7*c + 9. Let k be z(-8). What is p(k)?
-3
Let u(j) be the first derivative of -1/2*j**2 + 3 + 0*j. What is u(-2)?
2
Let t(n) = -7*n + 1. Suppose -11*j = -8*j + 3. Determine t(j).
8
Suppose 0 = -2*l - 6 + 2. Let i(q) = 4*q**2 + 2*q - 1. Calculate i(l).
11
Let z(h) be the first derivative of -2*h - 1/3*h**3 - 3 - 3*h**2. Determine z(-3).
7
Let j = 29 - 23. Let h(w) = -w**3 + 7*w**2 - 7*w + 2. What is h(j)?
-4
Let v(g) be the second derivative of 5*g**3/6 + 16*g. Determine v(-1).
-5
Let x(f) be the third derivative of f**6/15 - f**5/60 - 12*f**2 + f. Give x(-1).
-9
Let b(g) be the third derivative of g**4/6 + g**3/3 + g**2. Suppose 31*d - d = 60. What is b(d)?
10
Let o = -2 - 1. Let z(v) = 2*v**2 + 4*v - 1. Let y be z(o). Let m(w) = w**2 - 6*w + 7. Determine m(y).
2
Let b(r) = r - 5 + 2 - 1 + 8. Calculate b(-4).
0
Let n be 1*(-18 - 0)/(-3). Let s(c) = c**3 - 5*c**2 - 6*c - 1. Give s(n).
-1
Let o(f) = 3*f - 2. Let r(d) = 5*d - 2*d + 1 + 1 - 6*d. Suppose 12 = 4*m - 4. Let z(b) = m*r(b) + 5*o(b). Determine z(-2).
-8
Let y(d) = d**2 + 4*d - 4. Let s(i) = 4*i**2 - 43*i - 15. Let b be s(11). What is y(b)?
-4
Suppose m - 3*m + 2*r = -2, -4*m - 2*r - 14 = 0. Let s(p) = -p**3 - p**2 - 2*p - 1. Determine s(m).
7
Let s(o) be the third derivative of 0*o + 1/24*o**4 - 1/3*o**3 + 0 + 2*o**2. Suppose 4*k - 24 = -5*f, -2*f - k = f - 13. What is s(f)?
2
Let w(k) = k. Let g(d) = -d + 1. Let b(a) = 3*g(a) + 5*w(a). Let f be ((-16)/20)/(2/10). Determine b(f).
-5
Let s(p) = 10 - 10 - 3*p. Let q(w) = -w**2 - 6*w - 7. Let t be q(-5). Determine s(t).
6
Let b(i) = i**3 + i**2 - i - 5. Suppose -6 = -4*w + 30. Suppose 4*a = 5*y - w - 1, -2*a = -4*y + 8. Calculate b(a).
-5
Suppose -2*j + 15 = 3*j. Let w(n) be the second derivative of -n**4/12 + n**3/3 + n**2 + 39*n. What is w(j)?
-1
Let y(g) = g**3 + 5*g**2 - g - 4. Suppose k = 5*n + 23, 0*n + 5*k - 3 = -3*n. Give y(n).
16
Let x(l) = -l**3 - 3*l**2 - 2*l - 14. Let t(p) = -p**3 - 2*p**2 - 2*p - 15. Let w(h) = 4*t(h) - 5*x(h). Give w(-7).
-4
Let h be 12/(-15)*(6 - 1). Let w = h + 6. Let x(n) = -n**w - 2*n**2 + 4*n**2 + 2 - 2*n. Calculate x(2).
2
Let r(m) be the second derivative of -m**4/12 + m**3/6 - m. Let i be 0 - (3 + -4 + 1). Suppose i = -g - 4*g - 2*c, -2*c = -4*g. Determine r(g).
0
Let f = -2 + -3. Let b be (3/(-2))/(f/(-10)). Let p(s) = -2*s - 1. Calculate p(b).
5
Let d(w) = w**2 + 6*w + 2. Let t(g) = -g**3 - 5*g**2 - 3*g - 2. Let c be t(-4). What is d(c)?
2
Let v(f) be the first derivative of -f**3/6 - f**2/2 + f - 2. Let k(i) be the first derivative of v(i). Suppose 0*t = -4*t. What is k(t)?
-1
Suppose -7*k = -4*k - 12. Let w(m) = -2*m - 3 + k + 0 - 8*m**2. Suppose -4*v = -2 - 2. Determine w(v).
-9
Let s(o) = -5*o**3 + o**2 + o + 1. Let v(l) = -l**3 + 14*l**2 - 14*l + 12. Let q be v(13). Calculate s(q).
6
Let x = -13 + 27. Suppose 11 = -s - 2*u, -5*s = -s - 2*u + x. Let i(h) = 3*h + 6. What is i(s)?
-9
Let f(u) = -u**3 + 3*u**2 - u + 1. Let b be f(2). Suppose -6*j - 1 = -j + t, 11 = j + b*t. Let y(n) = -4*n**3 - 2*n - 1. What is y(j)?
5
Let l(d) be the second derivative of d**5/20 + d**4/6 - d**3 - d**2/2 + 8*d. What is l(-4)?
-9
Suppose 3*j - 5 = 1. Suppose j*v - 5*v = -12. Let r(u) = -u**2 + 2*u - 4. What is r(v)?
-12
Let j(z) = z**2 + z - 1. Let g be j(-2). Let c be (g/(-2))/((-1)/4). Let t(i) = c + 4*i - 1 + 1. What is t(-2)?
-6
Suppose 0 = 11*r - 12 + 34. Let w(f) = -3*f - 1. Calculate w(r).
5
Let h be 1 - ((-2)/2 - 2). Let i(p) = -8*p + 1 + 9*p - p**3 - h*p**3 - p**2 - 5*p**3. Determine i(-1).
9
Let s(d) = -15*d - 11. Let k(u) = 3*u + 2. Let b(m) = -11*k(m) - 2*s(m). Calculate b(-2).
6
Let z(r) = r. Let y(i) = -7*i - 1. Let m(x) = -y(x) - 6*z(x). What is m(1)?
2
Let h(i) be the third derivative of i**5/60 + i**4/12 + 2*i**3/3 + 34*i**2. Determine h(-3).
7
Let o = 13 + -9. Suppose 0 = -s + o*s + 6. Let p(k) = 2*k - 2. Give p(s).
-6
Let v(b) = -b**3 + 3*b**2 + 3*b - 2. Suppose -2*l - 1 = -9. Give v(l).
-6
Suppose 6 = -0*g - 3*g. Let n(l) = -l**2 + 2*l + 2. Determine n(g).
-6
Let n = -162 + 165. Let l(w) be the first derivative of -w + 4/3*w**3 - 1/2*w**2 - n. Determine l(-1).
4
Let p(d) = 3*d**2 + 5*d**3 - 4*d**3 - d**2 + d. What is p(-1)?
0
Let y(q) be the second derivative of -q**4/12 - 2*q**3/3 + 3*q**2/2 + q. Let w = 7 + -12. Give y(w).
-2
Let k(h) be the second derivative of h**4/12 + h**3 + h**2/2 - h. Determine k(-4).
-7
Suppose 4*x = 7*x - 9. Suppose 0 = 2*k + 3*k + 5*b + 15, -4*k + 13 = -b. Let q(l) = -2*l + 0*l - l**3 + l**k + 3*l**2. What is q(x)?
3
Suppose 2*k = -4*n - 3*k - 17, 5*k + 25 = 0. Let b(r) = 5*r - 3. Give b(n).
7
Let h(k) = -5*k - 4. Suppose 0 = 3*d - 7*d + 12. Suppose 0 = -3*c + 2*c - d. Determine h(c).
11
Let r(q) = q**2 - 8*q + 9. Suppose 3*o - o - 14 = 0. Determine r(o).
2
Let m(t) = -t**2 - 4*t - 5. Let h be (30/(-12))/((-2)/4). Suppose -2*i + 5*k = 28, -h*k + k = -16. Give m(i).
-5
Let j(i) = -i + 5. Let o be (-5 + 4)*(-5 + 1). Give j(o).
1
Let n(f) be the second derivative of -f**5/120 - f**4/2 + f**3/3 + 2*f. Let k(v) be the second derivative of n(v). Calculate k(-5).
-7
Let v(d) = d**3 + 6*d**2 - 6*d + 7. Let q be v(-7). Let u(y) = -6*y - 2 + q*y**3 - y**3 - 2 + 2*y - 3*y**2. What is u(-3)?
8
Suppose 0*f - 2*f = -8. Let p be 2/f + (-9)/2. Let s(u) = u**3 + 5*u**2 + 4*u - 4. Calculate s(p).
-4
Let s(y) = -y**2 - 7*y - 7. Suppose 0 = 5*r + 22 + 3. Give s(r).
3
Let n(j) = -j + 16. Suppose -112*p = -115*p + 36. Give n(p).
4
Let x(j) = 2*j. Let t(w) = -w**3 + 6*w**2 + w - 5. Let h be t(6). Let z be x(h). Let f(i) = 4*i + 3*i**2 - 2*i**3 - z*i**3 + 2 + 4*i**3 + i**3. Calculate f(-3).
-10
Let g(y) = y**3 - 3*y**2 - 4. Let p = 9 - 5. Calculate g(p).
12
Let q = -37 - -32. Let w(z) = -z**2 - 5*z + 1. What is w(q)?
1
Let y be (1/(-3))/((-2)/54). Let q be 8/(-36) + (-43)/y. Let s(m) = 3*m**2 + 6*m - 4. Let c(k) = 4*k**2 + 6*k - 5. Let u(p) = -2*c(p) + 3*s(p). Determine u(q).
-7
Let m(i) = -2*i - 1. Let r(k) = -3*k - 1. Let p(n) = 5*m(n) - 2*r(n). What is p(-3)?
9
Let n(z) = 3*z + z**3 + 4*z + 7*z**2 + 9 + 0*z. What is n(-6)?
3
Suppose q - 3*q = -10. Let t(s) = -q + s**2 + 8 + 1 + 5*s. What is t(-4)?
0
Let y(m) = -7*m + 8. Let a(u) = 10*u - 18. Let b(f) = f + 1. Let r(k) = -a(k) - 3*b(k). Let i(q) = 6*r(q) - 11*y(q). Let w = -52 + 52. Determine i(w).
2
Let s(q) = -q. Let n be s(-6). Let p be 3 + (n - 2 - 1). Let k(v) = -v**3 + 7*v**2 - 7*v + 9. Give k(p).
3
Let f(v) = v**3 + 3*v**2 + 2*v + 4. Suppose -2*i + 15 = 7. Suppose -i*r + 4 = -4. Suppose 0 = -d - r - 1. Calculate f(d).
-2
Let x be ((-12)/(-9))/((-1)/3). Let m(l) = -l**2 - 3*l. Let t(c) = 1. Let w(y) = m(y) - 2*t(y). Calculate w(x).
-6
Suppose -3 - 3 = -s. Let h = s - 3. Suppose -2*t - 6 = -4*v, 3 + 17 = -h*t - 5*v. Let a(n) = n**3 + 4*n**2 - 5*n - 2. Calculate a(t).
-2
Suppose -16 = -15*h - 106. Let q(r) = -2*r - 9. Give q(h).
3
Let p(d) = -d + 7. Let o be p(15). Let c(a) = -a**2 - 8*a + 8. Calculate c(o).
8
Let r(s) = 2*s**2 - 4*s + s**2 - 2*s**2 - 1. Calculate r(6).
11
Let p = 2 - 4. Let i = -4 - -7. Let n(y) = i*y + y + 1 - 3*y. What is n(p)?
-1
Suppose 2*u = 14 - 12. Let g(d) = -2*d**2 + 2*d - 1. Give g(u).
-1
Let i(p) = p**2 - 7*p + 7. Suppose -3*z + 17 = t, t - 1 = 1. Suppose 16 - 41 = -z*x. What is i(x)?
-3
Let p(t) = -t**2 - 4*t + 1. Let m be (3/(-4))/(2/8). Let k be p(m). Let v(n) be the first derivative of 2*n**3/3 - 2*n**2 - 4*n + 8. Give v(k).
12
Suppose -4 = -4*i, 3*u + 2*u - 10 = -5*i. Let w(b) = -8*b**3 + b**2. Determine w(u).
-7
Let c(v) = 4 - 2*v - 3*v + 2*v + 2*v. What is c(4)?
0
Let o(y) = y**2 - 2*y - 4. Let t be o(3). Let r = -3 - -4. Let s(c) = -r + c**2 - 3*c**2 - 2*c + 0. Determine s(t).
-1
Let u(a) = -a. Let h(o) = 8*o + 1. Let z(m) = -2*h(m) - 18*u(m). Suppose 4*y - y - 12 = 0. Calculate z(y).
6
Let i(d) = -d**3 - 1. Let x be 2 + (20/(-15))/((-4)/(-6)). Calculate i(x).
-1
Let o(b) be the first derivative of -1/24*b**4 - 1/3*b**3 - 2 - 1/360*b**6 + 0*b**2 + 0*b**5 + 0*b. Let w(g) be the third derivative of o(g). Determine w(-1).
-2
Let d(q) = q + 2. Suppose 